on divisor of f and d?
34
Let s be 266/10 - (-10)/25. Let o(j) = j**2 + j + 24. Let h be o(-12). Let k = 291 - h. Calculate the greatest common divisor of s and k.
27
Let h = -9504 + 9523. What is the highest common divisor of h and 160?
1
Let r(u) = -2*u**2 + u + 1. Let j(q) = q**3 - 6*q**2 - 3*q - 51. Let x(f) = j(f) + 6*r(f). Let v be x(18). Calculate the greatest common factor of v and 1017.
9
Let f = -686 + 648. Let d be f*(3*-18)/6. Calculate the highest common divisor of d and 38.
38
Suppose 56 = -7*v - 105. Let u(b) = -2*b**3 - 46*b**2 - 3*b - 59. Let i be u(v). Let t = 0 + 2. What is the greatest common factor of i and t?
2
Let y = -1651 - -1971. Calculate the highest common factor of 7840 and y.
160
Suppose -2554 = -5*q - 28*w + 30*w, 3*w = -3*q + 1524. What is the highest common factor of 690 and q?
30
Suppose -l - 2*l + 18 = 0. Suppose -3*c - 15*c - 2*c = 0. Suppose l*w + 0*w - 102 = c. Calculate the greatest common factor of 51 and w.
17
Let y = 62 - 225. Let v = -148 - y. What is the greatest common divisor of 345 and v?
15
Let a = 6782 - 6773. Calculate the highest common divisor of 1791 and a.
9
Let j(c) = 4*c**3 + 2*c**2 + 16*c + 7. Let r be j(-5). Let o = r + 564. What is the greatest common factor of o and 1189?
41
Suppose 2*t + 10 = 0, -f + 62 = 3*f + 2*t. Let u = -1 + 0. Let h be (-1568)/(-35) + u/(-5). What is the highest common divisor of f and h?
9
Let v be -1 + 2 + 0 + -1*1. Let t(u) = u**2 - 5*u + 10. Let p be t(v). What is the highest common factor of p and 270?
10
Suppose 0*s = s - 3. Suppose 0 = 4*c + 8, -4*y + 7 - s = 4*c. Suppose -3*h = -y*r - 261, -r - 6 = 2*r. What is the highest common divisor of 34 and h?
17
Suppose -6*n = -5*k - 3*n - 349, 5*k - 4*n + 347 = 0. Let f = -61 - k. What is the greatest common factor of 10 and f?
10
Let v(u) = 144*u + 3210. Let r be v(-15). What is the greatest common divisor of r and 168?
42
Suppose 4*d - 2*z - 1220 = 0, z = -d - 91 + 390. What is the greatest common factor of d and 6?
3
Let o(d) = -12*d - 42. Let q be o(-10). Let i = 84 - q. Let k be 14 + -2 - (-24)/i. What is the greatest common factor of k and 4?
4
Let a(d) = d**3 - 8*d**2 + 7*d + 4. Let y be a(7). Suppose y*w - 2*w = 0. Suppose w = -6*i + 173 + 853. Calculate the highest common factor of 19 and i.
19
Suppose 179 = 3*j + 5*u - 6*u, 0 = -5*j + u + 293. What is the greatest common factor of j and 1919?
19
Suppose 5*t = 20, -456*z + 68 = -452*z - 3*t. Calculate the greatest common divisor of z and 24260.
20
Let u = 275 - 191. Let g(a) = 6 - 3 + a - 5. Let d be g(26). Calculate the greatest common divisor of d and u.
12
Suppose 60*u - 36829 + 1598 = 26569. Calculate the highest common divisor of 4738 and u.
206
Let d be 1 + -2 - 70/(-112) - (-39441)/24. What is the highest common divisor of d and 159?
53
Let u be ((-2)/(-3))/(22/(-33))*-188. Suppose 4*q - u = 20. What is the greatest common divisor of 65 and q?
13
Let y(a) = 3*a**3 - 9*a**2 + 37*a - 297. Let k be y(7). Calculate the greatest common divisor of 1364 and k.
22
Let q = -1157 + 1229. Calculate the greatest common factor of q and 711.
9
Let j be 23/(1 + 30/(-33)). Suppose -2*r - f = -4, 2*f - 6 = -r - 1. Suppose 102 = 5*i + 3*c - r, 2*i = 4*c + 62. What is the highest common factor of j and i?
23
Suppose 284 = 5*q - 5*r - 166, q + 4*r = 80. What is the greatest common divisor of q and 1562?
22
Suppose -3*v + 8*v = 25. Suppose -2*q - 5*i + 2*i + 1 = 0, 4*q = -2*i + 6. Let r be -2*(q/(-4) + -2). What is the highest common factor of v and r?
5
Let f(q) = q**2 - 6*q - 2952. Let m be f(59). Calculate the greatest common divisor of 3010 and m.
35
Suppose 8*m - 411 - 269 = 0. Suppose 16*z - 10*z = 660. Let s = -93 + z. Calculate the greatest common divisor of m and s.
17
Let r(t) = t**3 + 12*t**2 - 14*t - 10. Let x be r(-13). Let s be (((-2170)/x)/7)/((-1)/3). Suppose -2*j = -s + 4. What is the highest common factor of j and 9?
9
Suppose -s - 130 = -m + s, 5*s - 123 = -m. Let p = -132 + m. Let w be (p - (-70)/21)*(0 + -33). Calculate the greatest common divisor of w and 11.
11
Suppose i = s + 29, 81*i = 79*i + 4*s + 68. What is the greatest common factor of 6 and i?
6
Let c be (-265)/212 - (-1)/((-8)/(-1162)). What is the greatest common divisor of 369 and c?
9
Let o(l) = l**2 - 4. Let n be 13/26 - 18/4. Let w be o(n). Suppose 9*v = 5*v + w. Calculate the greatest common divisor of v and 33.
3
Suppose -5 = -l - 5*t - 15, -5*l - 4*t = -13. Suppose 61 = l*h - s - 9, -10 = -2*s. What is the greatest common divisor of h and 57?
3
Suppose -2*f - 19 + 15 = 0. Let s be (f/5)/(9/(-90)). Suppose 0 = 2*q + 4*n + s, -3*q = n + n - 2. Calculate the greatest common divisor of 2 and q.
2
Suppose -5*n + 2*g = -653, 10*n - 2*g = 9*n + 121. Calculate the greatest common factor of n and 1253.
7
Let z be (-12)/(-9)*246/(-4). Let v = 54 + z. Let w = v - -43. What is the highest common factor of 45 and w?
15
Suppose 30 = -31*f + 28*f. Let x be (-48)/f*((-10)/15 - -4). Suppose m = -m + x. Calculate the greatest common divisor of m and 2.
2
Let g(p) = 2*p**2 + 61*p - 1193. Let s be g(-45). Calculate the highest common factor of 1616 and s.
16
Suppose 0 = -s - 2*s - 159. Let l be -3 - (1113/12 + (-6)/8). Let y = s - l. What is the greatest common factor of 42 and y?
42
Suppose 32*r - 823514 = -22*r - 52*r. Calculate the greatest common divisor of 17 and r.
17
Let t be 3/(-2)*6820/(-465). Calculate the greatest common divisor of 66 and t.
22
Suppose 172*w - 999750 = 43*w. Calculate the greatest common divisor of w and 62.
62
Suppose -126 = 261*a - 252*a. Let k be (a - -13)/(5/(-8))*10. Let j be 4*(0 + 5*2). Calculate the highest common factor of k and j.
8
Let x be 1 - (-18)/15*(6 + -11). Let n be (-1598)/x + 8/120*-9. Calculate the highest common factor of n and 22.
11
Let g(k) = -3*k**2 + 121*k + 84. Let t be g(41). Let n(v) = 2*v**3 - 3*v**2 + 8*v - 8. Let y be n(t). What is the greatest common divisor of 3 and y?
3
Let z(x) = -x**3 + 17*x**2 - 13*x - 81. Let i be z(16). Let p be (-44)/i*441/28. What is the greatest common factor of p and 12?
3
Suppose 67 = 2*p - 179. Suppose -11 + p = 4*x. What is the greatest common divisor of x and 476?
28
Let x(h) = -11 - 10*h**2 + 3*h**2 + 7 + h**3 - 3*h. Let b be x(7). Let n be -3 + 68/24 - b/6. What is the highest common factor of 8 and n?
4
Let a be 2 + (35 - (-6 - (-12)/3)). Let o(y) = -y**2 + 5*y - 7. Let c be o(6). Let l = c - -91. What is the greatest common factor of a and l?
39
Let r be (-53)/((-16112)/19488) + (-4)/38. Let g(y) = -y**3 - 25*y**2 + 51*y - 65. Let q be g(-27). What is the highest common divisor of r and q?
16
Let q be (-2)/(-8) - 45/(-12). Let c = 2106 - 1794. Suppose 0 = -10*i + 62*i - c. Calculate the greatest common factor of i and q.
2
Let l = -126 - -159. Suppose -3*f + 3*b - 20 - 10 = 0, 22 = -4*f - 5*b. Let m = -5 - f. What is the greatest common divisor of m and l?
3
Let b = -10 - -22. Suppose 2*g = -2*g + b, 57 = 3*r - 5*g. Let z = 39 - r. Calculate the greatest common factor of z and 30.
15
Let q = -8 - -12. Suppose 2*u + q*u = 24. Suppose -511 = -u*a + 3*z, 5*z + 8 - 23 = 0. Calculate the greatest common divisor of a and 52.
26
Suppose -5*j + 6144 = 2*s, 5*s + 3*j + j = 15411. What is the greatest common factor of 63 and s?
63
Let y = -48 - -51. Let n(w) = -4*w + w**2 - 18 + 4*w + 4*w + y*w. Let d be n(7). What is the greatest common factor of d and 20?
20
Let j be (8 + (-104)/12)/(2/(-15)). Suppose 3*b + 8*d - j*d - 129 = 0, -d = -2*b + 83. What is the highest common factor of 98 and b?
14
Let d be 118 - (-4 - (-2 + -6)). Suppose 4 = 3*p - k - 21, -6*p + 71 = -5*k. What is the highest common factor of p and d?
6
Let n = 29 + 14. Suppose 4*l - n = 9. Let v be -2 - 13*-4 - -2. Calculate the highest common factor of l and v.
13
Suppose -3*d + 317 = -4*d. Let s = d - -353. Let h = -22 + 31. Calculate the greatest common divisor of h and s.
9
Let g = -23038 + 23203. Calculate the highest common divisor of g and 840.
15
Let u(r) = 2*r**2 + 6*r + 4. Let h be u(6). Suppose 5226*s - 230496 = 4638*s. What is the highest common divisor of h and s?
56
Suppose 7*o - 7 = 21. Suppose 4*p - 8*l + 20 = -o*l, 0 = p + 3*l - 3. Let k = p + 33. What is the greatest common factor of 18 and k?
6
Suppose 4*t = -2*y - 1014, -5